*n**2. Let b(m) = 2*m + 261*m**2 - 3 - 266*m**2 + 2*m. Let t(r) = -b(r) + 4*z(r). What is t(3)?
0
Let i(c) = 0*c**3 + 5*c**3 - 6*c**3 - 39 - 3*c**2 + 27586*c - 27573*c + 7*c**2. Determine i(3).
9
Let m(o) be the first derivative of o**4/12 - 9*o**3/2 - o**2 - 6*o + 101. Let z(k) be the second derivative of m(k). Give z(12).
-3
Let f(g) = 36160 + 36148 + 36151 - 8*g - 108439. Determine f(0).
20
Let i(w) = -2*w**2 + w + 1. Suppose 3*m = -2*m - 45. Suppose 2*k = c - 2, 3*k + 18 = 3*c + k. Let s be 22/c - m/(-12). Calculate i(s).
-5
Let j(g) = -51 + 359*g**2 - 28*g - 90*g**2 - 99*g**2 - 84*g**2 - 90*g**2. What is j(-2)?
-11
Let q(i) = 2*i - 42. Let h be q(21). Suppose -t - 6*t - 56 = h. Let g be ((-9)/2)/(t/16) + -3. Let p(a) = a + 1. Determine p(g).
7
Let v(a) = 707*a + 22. Let m(r) = 2005*r + 62. Let i(y) = 6*m(y) - 17*v(y). Let s = -5 + 3. Give i(s).
-24
Let g(j) = -j - 4. Suppose 5*d + 13 - 13 = 0. Suppose 9*t - t = d. Suppose t = -2*k - 0*k - 3*z + 2, -3*k - z = 11. Calculate g(k).
1
Suppose -3*q + 4 = 4*g - 5*q, 0 = 5*g - 3*q - 5. Suppose -g = u - 7. Let h(v) be the second derivative of v**5/20 - v**4/2 - 3*v**2 + 10788*v. Give h(u).
-6
Let w(i) = -i. Let v(d) = 6*d + 46. Let h be v(-8). Let b(a) = 1 - 31*a**2 - 8*a + 30*a**2 - 6. Let y(t) = h*w(t) + b(t). Give y(-5).
0
Let t(p) = -12*p - 184. Let r = 14788 - 14802. Calculate t(r).
-16
Let s(r) = 8*r**2 - 605*r - 824. Let y be s(77). Let x(h) = -h**3 + 27*h**2 - 92*h + 4. Determine x(y).
4
Let d(w) = -w**2 - 10*w + 8. Suppose -430 - 250 = 5*h. Let o = 127 + h. Determine d(o).
17
Suppose -4*w = -0*w + 120. Let i = 34 + w. Let n be 8/12*6/i. Let r(l) = 22*l**3. What is r(n)?
22
Let w(n) = -2*n**3 + 107*n**2 - 51*n - 109. Let y(v) = v**2 - 574*v - 4603. Let g be y(-8). What is w(g)?
-3
Let v(y) = y**2 + 4*y - 7. Let m be (-274)/6 - (-24)/36. Let t = m + 32. Let b be (-4*1 + -1)/(t + 14). Determine v(b).
-2
Let h(g) = -g**2 + g + 22. Let t be h(5). Suppose 4*c - 10 = -d, 5*c - 6*c - t*d + 6 = 0. Let a(f) = f + 10*f**c - f - 686 + 2*f + 685. Determine a(1).
11
Let d(g) = -23*g**3 + 21*g**2 - 4*g - 26. Let f(z) = -2*z**3 + z**2 - 2. Let m(a) = -d(a) + 11*f(a). What is m(4)?
-76
Let b(w) = 2*w - 18. Let g be b(10). Let c(u) = -4*u**2 + 6*u**2 - 12 - 10*u**g + 6*u**2 + 8*u. Give c(3).
-6
Let v(h) = 5*h**2 - 1. Let g(z) = -94*z + 93. Let t be g(4). Let o = -282 - t. Give v(o).
4
Suppose -23*k - 22*k + 66 = -34*k. Let n(q) = q**3 - 8*q**2 + 16*q - 23. Calculate n(k).
1
Let f(o) = -4*o**2 - 9 + 27 - o**3 - 16*o**2 + 45*o + 9. Let s be f(-22). Let y(g) = -3*g**3 + 4*g**2 + 15*g - 3 - 10*g + 2*g**3. Determine y(s).
-3
Let o(j) be the first derivative of -5*j**4/24 - 23*j**3/6 - 153*j**2/2 + 232. Let h(y) be the second derivative of o(y). Determine h(-7).
12
Let w(d) = 5*d**3 + 35*d**2 - 19*d - 14. Let k(u) = 3*u**3 + 23*u**2 - 13*u - 9. Let c = 376 - 368. Let p(h) = c*k(h) - 5*w(h). Give p(8).
-10
Let q(j) = -j**3 + 8*j**2 - j + 9. Suppose -5*z = -0*z - 3*d - 35, -4*z - 4 = 4*d. Suppose -7*n - z - 3 = 0. Let y be (-3)/n + 1 + 4. Give q(y).
1
Let a(y) = -y**2 - 6*y + 7. Let t = -3252 + 3253. Determine a(t).
0
Let p(z) = -z**2. Let f be (-12)/96 - 69/24. Let s(w) = -5*w**2 + 11*w + 4. Let d(g) = f*p(g) + s(g). Give d(6).
-2
Let n(q) = -q**2 - 7*q - 7. Let j be n(-5). Suppose 3*r + s = -1, 0*r - j*r = -2*s - 2. Let a(b) = -4*b + r - b**2 + 2 + 4*b**2 + 0. Give a(3).
17
Let m(j) = -3*j**3 - 127*j**2 - 42*j - 6. Let p be m(-42). Let o(w) = -w**2 - 8*w - 25. Determine o(p).
-13
Let n(x) be the third derivative of x**5/60 - 3*x**4/8 - 21*x**3/2 - x**2 - x + 1935. Give n(14).
7
Let d(j) be the first derivative of j**2 - 1/3*j**3 + 3*j - 50. Give d(5).
-12
Suppose -2*n = -p + 21, 3*p = n + 11 + 2. Let a(z) = -9*z - 3. Let j(g) = -9*g + 1 - 3 + 5*g. Let m(x) = -3*a(x) + 7*j(x). Determine m(n).
5
Let u = -79547 + 79557. Let h(m) = 2*m - 34. Let n(b) = -b + 17. Let s(g) = 4*h(g) + 7*n(g). Give s(u).
-7
Let m(c) be the first derivative of -61*c**4/4 + c - 200. Give m(-1).
62
Let b(q) = q**3 + 16*q**2 + 54*q + 73. Let r(l) = 2*l**2 - 15*l - 20. Let w be r(8). Give b(w).
1
Let x = 2129 + -2127. Let r(b) = -11*b + 4. Let y(h) = -21*h + 7. Let g(n) = 11*r(n) - 6*y(n). What is g(x)?
12
Let n(f) = f**3 + 7*f**2 - 9*f + 9. Suppose -8*s - 66 = -y - 4*s, -y + 2*s + 72 = 0. Let q = 70 - y. Determine n(q).
17
Let l(t) = -t**2 + 5*t + 4. Let o = 10 - 5. Suppose j + o*y = -j + 77, 0 = 3*j + 4*y - 112. Let w be (6/18)/(3/j). Give l(w).
8
Let h(v) = 19*v + 9*v**3 + 0*v**3 + 46*v**2 + v**3 + 6*v**3 + 46. Let b(j) = 3*j**3 + 9*j**2 + 4*j + 9. Let x(k) = 11*b(k) - 2*h(k). Calculate x(-6).
7
Suppose -13*p + 38 = -79. Let c(l) = -p + 5*l - l**3 + 2080*l**2 - 2072*l**2 + 2*l**3. Give c(-7).
5
Let h be 3*(30/(-9) - -3). Let p be ((-10)/8)/(h/8). Let g(i) = -p*i**2 + 11*i**2 - 7*i - 2*i**2 - 4. Calculate g(-7).
-4
Let y(o) = 3*o**3 + o**2 + o - 1. Let z = -171 - -188. Suppose -26*d - z = -43. Calculate y(d).
4
Let k(x) = 0 - 1 + 6 + 6*x + 0. Suppose 93*v + 236 = 34*v. What is k(v)?
-19
Let c(f) be the second derivative of -11/2*f**2 - f**3 + 0 - 5*f + 1/12*f**4. Let m(z) = -8*z**3 - 80*z - 80. Let y be m(-1). Determine c(y).
5
Let s(k) = -3*k - 11. Let l(c) = -c**2 + 63*c + 205. Let h be l(-3). Calculate s(h).
-32
Let n(t) = t**2 - 8*t + 15. Suppose h = 5*u + 109 - 134, 0 = -h + 2*u - 7. Give n(h).
0
Let l(c) be the first derivative of -c**4/4 - 70*c**3/3 + 143*c**2/2 - 77*c - 3597. What is l(-72)?
-5
Let y(v) = v**3 + 5*v**2 - 1. Let c = -3 - -5. Let w = -849 + 853. Let o be -3*(c + w/(-12)). Calculate y(o).
-1
Suppose 4 = 2*o - 4*y, 4*o - 3 = 2*o + 3*y. Suppose o = -i + 4*i + 9. Let h(g) = -g**3 - 5*g**2 - 5*g - 2. Calculate h(i).
-5
Let r(k) = k**3 - k**2 - 5. Suppose -9 = -3*g, 9*v = 8*v - 5*g + 19. Suppose 3*s = -4*a + v, 5*s + 1 = 4*s + a. Give r(s).
-5
Let s(v) = -5*v - 2. Let g(z) = -z. Let f(l) = -4*g(l) - s(l). Let i(j) = -j**2 - 8*j - 10. Let q be i(-5). Let t be -1*5 - (-10 + 35/q). Determine f(t).
-16
Let l(q) = -541*q**3 + 13 - 9*q**2 + 268*q**3 + 11*q + 272*q**3. Let v be l(-10). Let h(d) = 12*d**v - 7*d - 23*d**3 + 10*d**3 - 7 + 8*d**2. What is h(7)?
-7
Suppose 10 = 5*u, 0*u - 42 = -5*o - u. Suppose 77 = o*g - 19*g. Let x(k) = k**2 + 9*k + 7. What is x(g)?
-7
Let x(m) = m**3 - 9*m**2 + 10*m - 20. Let u = -3607 - -3615. Calculate x(u).
-4
Let k(s) = 19*s**2 + 13*s + 3. Suppose 228 - 75 = -9*j. Let l(n) = -54*n**2 - 39*n - 9. Let o(v) = j*k(v) - 6*l(v). Calculate o(-13).
3
Let r be ((-21)/2)/(-9*(-7)/(-924)). Suppose -r*a + 159*a = -25. Let z(l) = l**3 + 4*l**2 - 4*l + 7. Calculate z(a).
2
Let g(t) = 9*t**3 + 11*t**2 + 23*t + 11. Let x(d) = -7*d**3 - 11*d**2 - 20*d - 12. Let k(u) = -4*g(u) - 5*x(u). Calculate k(12).
-32
Suppose 0 = -5*o, -5*o + 6 - 2 = 4*h - 4. Let j(p) be the second derivative of 4*p + 1/6*p**3 + 0 + 7/2*p**h. Determine j(-9).
-2
Let d(u) = 7359*u - 51520. Let l be d(7). Let x(m) be the second derivative of -m**3/3 - m. Calculate x(l).
14
Let v(u) be the first derivative of -9*u - 1/3*u**3 + 145 + 4*u**2. Determine v(8).
-9
Let a(q) = 50*q + 481. Let l(t) = -25*t - 224. Let y(x) = 10*a(x) + 21*l(x). What is y(4)?
6
Suppose 31*c - 26*c - 35 = 0. Let o(k) = -13 + c*k**3 + 3*k - 3*k**2 - 5*k + 15 - 6*k**3. Determine o(-2).
-14
Let r(w) = 387*w**3 - 5*w - 388*w**3 - 10*w**2 + 6*w**2 - 3. Let t be (-4)/6 + 9/((-27)/(-20)). Let m(x) = -2*x**2 + 12*x - 3. Let g be m(t). Determine r(g).
3
Let y(b) = -11*b + 2. Suppose -5*z = 2*o + 43 - 37, 0 = -3*z - 6. What is y(o)?
-20
Let p be -6 + 25*12/30*1. Let x(g) = 2*g**3 - 11*g**2 + 5*g + 5. Calculate x(p).
-23
Let a(u) = 5*u**2 - 2*u - 3. Let w(r) = 3*r**2 - r - 2. Let f = 34 + -106. Let d = f + 68. Let n(h) = d*a(h) + 7*w(h). Determine n(-2).
0
Let s be -6 - 2*12/(-8). Let v(t) = -11*t**3 + 7*t**2 - 12*t - 4. Let x(m) = 8*m**3 - 6*m**2 + 9*m + 4. Let r(g) = -3*v(g) - 4*x(g). Give r(s).
-4
Let c(r) = -r - 9. Suppose -2*m = -8*m. Suppose 5*s + 5*d + 75 = m, 4*s = -2*d - 87 + 37. Let i be (-2 + s/4)*(-24)/(-18). Give c(i).
-3
Let u = -364 + 363. Let y(q) = 18*q - 11. Let f(n) = 8*n - 5. Let b(z) = 13*f(z) - 6*y(z). Determine b(u).
5
Let f(g) be the first derivative of -25/2*g**2 + 0*g - 28. What is f(1)?
-25
Let z(h) = 31*h**3 - 6*h**2 + 4*h - 13. Let u(p) = 67*p**3 - 